 + g. List the prime factors of g.
3, 11
Let t(l) = 7*l**2 - 38*l - 17. Let b be t(23). Suppose 8*w = b + 292. List the prime factors of w.
2, 97
Suppose -5*w = 24 - 154. Suppose 4 = 6*h - w. Suppose h*d - 487 = 183. List the prime factors of d.
2, 67
Let s(d) = 74*d - 75. Suppose -15 = -3*o - 3*g, -g - 8 = -o - 5*g. What are the prime factors of s(o)?
13, 17
Suppose -1 = -2*s - 5*a, -5*s - 4 = -7*s - 2*a. Suppose -4*v = t + t - 824, -s*t - 609 = -3*v. What are the prime factors of v?
5, 41
Let v = -95 - -99. Let f(k) = 21 + 18 + v*k + 8*k + k + 2*k**2. List the prime factors of f(-8).
3, 7
Let f(v) = 106*v**2 + 13*v - 6. List the prime factors of f(-4).
2, 3, 7, 13
Let k(a) = 2*a - 31. Let x be k(16). Suppose 2*p - 11 - x = 0. Suppose p - 32 = -2*y. What are the prime factors of y?
13
Suppose -4*o = -13*o - 81. Let g = 14 + o. Suppose -2*x - 258 = -2*n + n, 4*n = -g*x + 967. What are the prime factors of n?
2, 31
Let u be (4 - (-1 + 10)) + 10. Suppose 4*o + 2*r = 7*r + 999, u = r. List the prime factors of o.
2
Suppose -4*f = -6*f + 8. Let o be 2/((-7)/((-70)/f)). Suppose -3*c = -o*c + 188. What are the prime factors of c?
2, 47
Suppose 3*c + 9882 = 4*z, -2*z + 5*z - c = 7409. Let q = z - 942. List the prime factors of q.
3, 509
Suppose 3*n - 312 = 156. Suppose q - 83 = d - 4*d, -2*q - d = -n. Let h = q + -36. List the prime factors of h.
41
What are the prime factors of 2/(-14) + ((-369094)/(-133) - 6)?
3, 13, 71
Suppose 6*x - 38 + 8 = 0. What are the prime factors of (x + 2 + 1)*1813/28?
2, 7, 37
Suppose -2*x + 17987 = -4*q + 53119, 4*x = -3*q + 26360. What are the prime factors of q?
2, 3, 61
Let y = 267 + 219. Suppose -36 + y = -3*j - 5*d, -4*d - 600 = 4*j. What are the prime factors of j/(-4) + (-45)/(-30)?
3, 13
Suppose 5*x - 10 = -5*x. Let w be 7/x*18/63. Suppose -3*v + 93 = -w*v. What are the prime factors of v?
3, 31
List the prime factors of (-138636)/(-18) + 4 + -12.
2, 3847
Let s(c) = 2*c**3 + 25*c**2 - 20*c - 16. Suppose -3*f = -319 + 7. Let x = f + -117. What are the prime factors of s(x)?
3, 5
Suppose 0 = -20*g + 52*g - 96576. What are the prime factors of g?
2, 3, 503
Let a = 68 - 24. Let d = a + 16. Let r = -56 + d. List the prime factors of r.
2
Let w(c) = -2*c + 5. Suppose -12 = -7*d + d. Let o be w(d). List the prime factors of ((-5)/o)/(((-28)/36)/7).
3, 5
Suppose f = 3*m - 2*f - 3, -4*m = 3*f + 3. Suppose m = 5*q - 7 - 13. Suppose v = 4*x - 233, v = -3*x - q*v + 192. What are the prime factors of x?
59
Let p = -23 - -23. Suppose -5*b + 2864 - 929 = p. Suppose -117 = 5*n - b. List the prime factors of n.
2, 3
Let f = 28285 - 1327. List the prime factors of f.
2, 3, 4493
Let i(v) = -15*v**3 + 6*v**2 + 15*v + 6. Let x be i(-6). Let r = -2033 + x. List the prime factors of r.
13, 103
List the prime factors of (-9294)/(-3) + 3 - (-19 + 25).
5, 619
Let j = 70 + -41. Suppose 0 = -5*t + j + 416. Suppose 310 + t = 7*f. What are the prime factors of f?
3, 19
Let v(n) be the second derivative of 10*n**2 - 36*n + 7/3*n**3 + 0. List the prime factors of v(9).
2, 73
Suppose -g - f - 2*f = 39, 4*g = 4*f - 172. Let m = g + 42. Suppose m = 5*t - 7*t + 128. List the prime factors of t.
2
Suppose 2*c - 15485 = 5*r, -93*c - 4*r = -98*c + 38755. What are the prime factors of c?
3, 5, 11, 47
Suppose -n + 2*n - g = 98, -3*g - 494 = -5*n. Let f = n - 59. What are the prime factors of f?
41
Suppose u - 6120 = -66*z + 69*z, 5*u + 3*z - 30672 = 0. What are the prime factors of u?
2, 3, 7, 73
Suppose -4*z + 6*n = 11*n - 1338, 1654 = 5*z - 3*n. Suppose 327*m - z*m + 925 = 0. List the prime factors of m.
5, 37
Suppose 5*y = -0*y + 240. Suppose -6*v + 3*v + 2*c = -256, -2*v = 5*c - 139. Let u = v - y. What are the prime factors of u?
2, 17
List the prime factors of (1 - -1)*((-537873)/(-42) + 17).
3, 83, 103
Let q = -1629 - -2876. Suppose -2190 = -5*c + 4*b + 4009, q = c + b. What are the prime factors of c?
11, 113
Let h = -46 - -40. Let y(g) = 2*g**2 - 8*g - 4. Let f be y(h). Let u = -32 + f. List the prime factors of u.
2, 3, 7
Let n(f) = 2*f + 22. Let u(w) = 4*w + 45. Let i(v) = 13*n(v) - 6*u(v). Let j be i(-8). Suppose -3*z + 9*z - 804 = j. What are the prime factors of z?
2, 67
What are the prime factors of (-2)/(-10) + ((-2)/4)/((-425)/1532380)?
3, 601
Suppose 5*p + 16*p - 155340 = -18504. List the prime factors of p.
2, 3, 181
Let f = 33089 + -20027. List the prime factors of f.
2, 3, 7, 311
Let q(l) = -2*l**3 + 17*l**2 + 71*l. Let n be q(-3). Let w be (-166)/(-8) - (-1)/4. List the prime factors of 7/(w/n) - (-52)/1.
2, 5
Let p(b) = -451*b**2 - 3 + 460*b**2 - 9*b - 4 + 3*b**3. Let o be p(-6). Let q = -48 - o. What are the prime factors of q?
229
Suppose j + 3 + 5 = 0. Let s be 2/j - (-156)/48. Suppose s*b = -b + 2*g + 174, 3 = 3*g. List the prime factors of b.
2, 11
Suppose -355*o - 2*f = -351*o - 262154, o - 65541 = -3*f. What are the prime factors of o?
2, 3, 11, 331
Suppose 0*y + 18 = 2*i + 4*y, 4*i - 3*y - 3 = 0. Suppose c - i*c + 3*r = -17, 2*r - 14 = -5*c. List the prime factors of c*(4 + (-31)/(-4)).
47
Let g(d) = 2*d**2 - 33*d + 18. Let z be g(16). What are the prime factors of 177*z - (8 + -8 - -1)?
353
Let h = 67 - 53. Let s be 2/(-14)*2 - (-74)/h. List the prime factors of ((-101)/(-3))/((-42)/9 + s).
101
Suppose 5*y = 3*h + 249790, 2*y + 20663 = -5*h + 120548. What are the prime factors of y?
5, 97, 103
Let k be 492/30*1*(-50)/(-4). Suppose -2*n + s = -k, 13*n = 8*n - 4*s + 519. What are the prime factors of n?
103
Let j(v) = 39*v**2 - 10*v - 63. What are the prime factors of j(-13)?
2, 3329
Suppose 0 = -3*d + 5*x - 1, 5*d - 5 = 4*x + 2. Suppose 0 = o - 4*j - 485, 4*j = o - d*o + 910. What are the prime factors of o?
3, 5, 31
Let i(h) = -2*h**2 - 42*h + 90. Let v be i(-23). What are the prime factors of (20 - v) + 162/27?
2, 7
Let l = 1017 + -598. Suppose -29 - 1 = -2*y - 5*p, -y + 5*p - 15 = 0. Suppose -3*b + l = 3*z + 77, 0 = -z - y*b + 126. What are the prime factors of z?
3, 37
Suppose 855*i = 887*i - 842144. What are the prime factors of i?
26317
Let r be (1 - 2)/((-1)/(-2)). Let i be (-122)/(3/9*r). Let f = 343 - i. List the prime factors of f.
2, 5
Suppose 0 = 3*s + 1711*u - 1712*u - 111839, -4*u - 111854 = -3*s. What are the prime factors of s?
2, 3, 19, 109
Suppose -4*u = -4*f - 37804, -37801 = -4*u + 6*f - 5*f. What are the prime factors of u?
2, 3, 5, 7
Suppose w = -4*g - 20, -3*w = g - 4*g. Let l be ((-48)/(-4))/(w/(-30)). Let y = l + -25. What are the prime factors of y?
5, 13
Let o(d) be the third derivative of d**7/1260 + 17*d**5/120 + 9*d**4/8 - 26*d**2. Let l(h) be the second derivative of o(h). List the prime factors of l(5).
67
Let z(x) = 154*x**2 - 49*x + 46. What are the prime factors of z(-5)?
41, 101
Let q = -902 + 2666. Let k = -539 + q. What are the prime factors of k?
5, 7
Let a(x) = -x. Suppose 13*f - 7*f = -12. Let r be 0 - f/(-7) - 180/105. List the prime factors of a(r).
2
Let c = -30 + 33. Suppose -2*x + 5*j + 100 + 53 = 0, c*x - 204 = -j. Suppose 3*t - 247 = -p, p - x = -t + 4*p. What are the prime factors of t?
3
Let m(c) be the first derivative of 25*c**4/12 - 17*c**3/6 + 17*c**2/2 - 14. Let u(g) be the second derivative of m(g). What are the prime factors of u(6)?
283
Suppose -24651 = -4*o - 3*r, -59*o = -54*o + 3*r - 30813. List the prime factors of o.
2, 3, 13, 79
Let b be 115*4 - (-6 - -13). Let n = 17 + b. List the prime factors of n.
2, 5, 47
Suppose -12*u - 23 = -71. Suppose -6*s = u*w - 2*s + 3792, 2*s + 945 = -w. What are the prime factors of 2/5*-1 - w/15?
3, 7
Let h = -20746 - -29427. List the prime factors of h.
8681
Let u(f) = 12*f**3 + 9*f**2 + 15*f + 62. What are the prime factors of u(7)?
2, 1181
Let g(q) = 72*q**2 + 84*q - 20. What are the prime factors of g(-10)?
2, 5, 317
Let i = -88508 - -124852. List the prime factors of i.
2, 7, 11, 59
List the prime factors of (-4)/(-6)*-4*449136/(-448)*14.
2, 3, 3119
List the prime factors of 4/(-21)*2/(-4) + (-1108104948)/(-156492).
73, 97
Suppose 0 = 2*j - 8*x - x - 33943, -84793 = -5*j + x. What are the prime factors of j?
2, 61, 139
Let n(u) = 304*u**2 - 326*u + 56. What are the prime factors of n(-6)?
2, 41, 79
Suppose 2*j + 30 = -5*d - j, 4*j = -d - 23. Let u be (d + -10 - -3)*5/(-10). Suppose 2*y - 89 = -3*q, u*y - 4*q - 214 = -